{"id":1254,"date":"2021-11-20T12:21:00","date_gmt":"2021-11-20T11:21:00","guid":{"rendered":"http:\/\/www.lyc-rimbaud-garges.ac-versailles.fr\/?page_id=1254"},"modified":"2021-11-20T12:33:11","modified_gmt":"2021-11-20T11:33:11","slug":"m-l-d-s-mission-de-lutte-contre-le-decrochage-scolaire-2","status":"publish","type":"page","link":"https:\/\/lyc-rimbaud-garges.ac-versailles.fr\/?page_id=1254","title":{"rendered":"M.L.D.S (Mission de lutte contre le d\u00e9crochage scolaire)"},"content":{"rendered":"<h1 style=\"text-align: center\"><strong>Le Module de Remobilisation et de Raccrochage scolaire<\/strong><\/h1>\n<p>&nbsp;<\/p>\n<ul>\n<li><strong>Public concern\u00e9\u00a0:<\/strong><\/li>\n<\/ul>\n<p>Dispositif destin\u00e9 aux jeunes entre 16 et 18 ans\u00a0: jeunes sortis du syst\u00e8me scolaire sans dipl\u00f4me ni qualification en demande d\u2019accompagnement pour un retour en formation initiale<\/p>\n<p>&nbsp;<\/p>\n<ul>\n<li><strong>Objectifs de l\u2019action\u00a0:<\/strong><\/li>\n<li>Une remise \u00e0 niveau scolaire.<\/li>\n<li>Un accompagnement individualis\u00e9 des jeunes dans l&rsquo;\u00e9laboration d&rsquo;un projet professionnel ou dans la recherche de solutions effectives.<\/li>\n<li>Un travail autour de la revalorisation personnelle de l\u2019\u00e9l\u00e8ve.<\/li>\n<\/ul>\n<p>&nbsp;<\/p>\n<ul>\n<li><strong>Dur\u00e9e et organisation\u00a0:<\/strong><\/li>\n<li>Module en entr\u00e9e et sortie permanente (de novembre \u00e0 mai)<\/li>\n<li>Dispositif en alternance &#8211; 14 semaines de cours et 8 semaines de stages en entreprise<\/li>\n<\/ul>\n<p>&nbsp;<\/p>\n<ul>\n<li><strong>Contenu, m\u00e9thodes, outils\u00a0<\/strong>:<\/li>\n<li>Remise \u00e0 niveau scolaire en\u00a0: Fran\u00e7ais, Histoire-G\u00e9ographie, Math\u00e9matiques, Anglais, Informatique, Economie-Gestion, Education Physique et Sportive + TRE (Technique Recherche d\u2019Emploi), enseignement artistique et culturel (th\u00e9\u00e2tre, \u00e9criture, lecture Arts appliqu\u00e9s)<\/li>\n<li>Projet artistique collectif\u00a0: vid\u00e9o, photographie, th\u00e9\u00e2tre, arts plastiques etc&#8230;<\/li>\n<li>Stages en milieu professionnel (4 X 2 semaines)<\/li>\n<li>Interventions partenaires ext\u00e9rieurs pluridisciplinaires\u00a0: entreprise BGE (r\u00e9seau d&rsquo;aide aux entrepreneurs), association Aides, association Ambassadeurs citoyens, intervenants artistiques, coach sportif, etc&#8230;<\/li>\n<\/ul>\n<p><strong>\u00a0<\/strong><\/p>\n<p><strong>Contact\u00a0:<\/strong> Barbara Lecourt \u2013 Coordonnatrice de la Mission de Lutte contre le D\u00e9crochage Scolaire sur le bassin de Gonesse \u2013 07.84.29.76.60 \u2013 <a href=\"mailto:barbara.lecourt@ac-versailles.fr\">barbara.lecourt@ac-versailles.fr<\/a><\/p>\n","protected":false},"excerpt":{"rendered":"<p>Le Module de Remobilisation et de Raccrochage scolaire &nbsp; Public concern\u00e9\u00a0: Dispositif destin\u00e9 aux jeunes entre 16 et 18 ans\u00a0: jeunes sortis du syst\u00e8me scolaire sans dipl\u00f4me ni qualification en demande d\u2019accompagnement pour un retour en formation initiale &nbsp; Objectifs de l\u2019action\u00a0: Une remise \u00e0 niveau scolaire. Un accompagnement individualis\u00e9 des jeunes dans l&rsquo;\u00e9laboration d&rsquo;un &hellip; <\/p>\n<p><a class=\"more-link btn\" href=\"https:\/\/lyc-rimbaud-garges.ac-versailles.fr\/?page_id=1254\">Lire la suite<\/a><\/p>\n","protected":false},"author":3271,"featured_media":0,"parent":0,"menu_order":0,"comment_status":"closed","ping_status":"closed","template":"","meta":{"footnotes":""},"class_list":["post-1254","page","type-page","status-publish","hentry","nodate","item-wrap"],"_links":{"self":[{"href":"https:\/\/lyc-rimbaud-garges.ac-versailles.fr\/index.php?rest_route=\/wp\/v2\/pages\/1254","targetHints":{"allow":["GET"]}}],"collection":[{"href":"https:\/\/lyc-rimbaud-garges.ac-versailles.fr\/index.php?rest_route=\/wp\/v2\/pages"}],"about":[{"href":"https:\/\/lyc-rimbaud-garges.ac-versailles.fr\/index.php?rest_route=\/wp\/v2\/types\/page"}],"author":[{"embeddable":true,"href":"https:\/\/lyc-rimbaud-garges.ac-versailles.fr\/index.php?rest_route=\/wp\/v2\/users\/3271"}],"replies":[{"embeddable":true,"href":"https:\/\/lyc-rimbaud-garges.ac-versailles.fr\/index.php?rest_route=%2Fwp%2Fv2%2Fcomments&post=1254"}],"version-history":[{"count":2,"href":"https:\/\/lyc-rimbaud-garges.ac-versailles.fr\/index.php?rest_route=\/wp\/v2\/pages\/1254\/revisions"}],"predecessor-version":[{"id":1270,"href":"https:\/\/lyc-rimbaud-garges.ac-versailles.fr\/index.php?rest_route=\/wp\/v2\/pages\/1254\/revisions\/1270"}],"wp:attachment":[{"href":"https:\/\/lyc-rimbaud-garges.ac-versailles.fr\/index.php?rest_route=%2Fwp%2Fv2%2Fmedia&parent=1254"}],"curies":[{"name":"wp","href":"https:\/\/api.w.org\/{rel}","templated":true}]}}